e
Is 1084 a multiple of 13?
False
Does 15 divide 10241?
False
Does 37 divide 148?
True
Is 71361 a multiple of 12?
False
Is 79492 a multiple of 238?
True
Is 7478 a multiple of 18?
False
Is 57 a factor of 35321?
False
Is 39886 a multiple of 77?
True
Does 20 divide 1680?
True
Is 999 a multiple of 27?
True
Does 24 divide 375?
False
Is 51856 a multiple of 10?
False
Is 9 a factor of 205?
False
Is 13 a factor of 6970?
False
Does 56 divide 13654?
False
Is 88 a factor of 1434?
False
Is 5 a factor of 2352?
False
Is 12 a factor of 3824?
False
Is 16434 a multiple of 99?
True
Is 12 a factor of 10707?
False
Does 28 divide 6692?
True
Is 24 a factor of 1074?
False
Is 10 a factor of 870?
True
Does 22 divide 1305?
False
Does 199 divide 10547?
True
Is 165 a factor of 48510?
True
Does 26 divide 910?
True
Does 23 divide 462?
False
Does 13 divide 12886?
False
Is 31 a factor of 34565?
True
Is 366 a multiple of 75?
False
Does 96 divide 7680?
True
Is 14 a factor of 131?
False
Is 18084 a multiple of 137?
True
Does 10 divide 11340?
True
Is 2548 a multiple of 91?
True
Does 27 divide 783?
True
Is 3045 a multiple of 2?
False
Does 17 divide 2075?
False
Is 1549 a multiple of 13?
False
Is 21 a factor of 462?
True
Does 12 divide 6696?
True
Is 8789 a multiple of 64?
False
Does 102 divide 2244?
True
Does 29 divide 4089?
True
Does 8 divide 89883?
False
Is 11 a factor of 11?
True
Does 3 divide 1308?
True
Does 9 divide 1018?
False
Does 62 divide 2356?
True
Is 100 a multiple of 2?
True
Is 66 a factor of 1122?
True
Is 142 a factor of 43168?
True
Is 46 a factor of 43433?
False
Is 13030 a multiple of 46?
False
Does 5 divide 35?
True
Is 34168 a multiple of 13?
False
Is 23 a factor of 184?
True
Is 115 a multiple of 23?
True
Is 13 a factor of 17940?
True
Is 13 a factor of 5369?
True
Is 56 a factor of 1627?
False
Is 24 a factor of 7080?
True
Does 200 divide 44619?
False
Is 15 a factor of 10134?
False
Is 9 a factor of 162?
True
Is 9 a factor of 387?
True
Does 29 divide 406?
True
Is 486 a multiple of 14?
False
Is 881 a multiple of 5?
False
Is 52 a factor of 3158?
False
Is 51 a factor of 561?
True
Does 179 divide 550?
False
Does 141 divide 25662?
True
Is 12 a factor of 62904?
True
Is 40 a factor of 3697?
False
Does 49 divide 15288?
True
Is 528 a multiple of 6?
True
Does 11 divide 10439?
True
Is 1258 a multiple of 34?
True
Does 20 divide 17950?
False
Is 22 a factor of 1298?
True
Does 14 divide 18830?
True
Does 8 divide 368?
True
Is 7381 a multiple of 11?
True
Is 861 a multiple of 41?
True
Does 8 divide 712?
True
Is 2872 a multiple of 8?
True
Does 27 divide 2697?
False
Does 4 divide 131?
False
Does 19 divide 9899?
True
Is 9793 a multiple of 11?
False
Is 3853 a multiple of 99?
False
Is 126608 a multiple of 16?
True
Does 8 divide 1173?
False
Does 16 divide 46291?
False
Is 22 a factor of 10672?
False
Is 3795 a multiple of 55?
True
Does 6 divide 1532?
False
Is 6 a factor of 4638?
True
Does 15 divide 1218?
False
Does 188 divide 15416?
True
Is 15 a factor of 1350?
True
Is 9 a factor of 6134?
False
Is 2189 a multiple of 3?
False
Does 18 divide 259?
False
Is 22 a factor of 45296?
False
Is 20 a factor of 8562?
False
Is 20 a factor of 660?
True
Is 48890 a multiple of 187?
False
Is 32 a factor of 880?
False
Does 105 divide 49350?
True
Is 2 a factor of 114?
True
Is 36 a factor of 2107?
False
Does 131 divide 786?
True
Does 297 divide 19305?
True
Is 25 a factor of 4175?
True
Does 98 divide 1993?
False
Is 49413 a multiple of 39?
True
Is 117 a factor of 11091?
False
Does 45 divide 765?
True
Is 87 a factor of 4698?
True
Is 1060 a multiple of 54?
False
Is 247 even?
False
Does 2 divide 269?
False
Is 123060 a multiple of 12?
True
Is 25821 a multiple of 9?
True
Does 12 divide 4284?
True
Is 2 a factor of 663?
False
Is 1884 a multiple of 3?
True
Is 121 a multiple of 8?
False
Does 17 divide 34578?
True
Is 3 a factor of 357?
True
Does 186 divide 130386?
True
Does 71 divide 1695?
False
Is 302 a multiple of 4?
False
Does 26 divide 44356?
True
Is 17043 a multiple of 19?
True
Does 33 divide 6336?
True
Is 232 a factor of 21358?
False
Does 6 divide 12727?
False
Does 6 divide 9042?
True
Is 8702 a multiple of 38?
True
Is 9 a factor of 1080?
True
Is 1459 a multiple of 7?
False
Is 43 a factor of 7084?
False
Is 7 a factor of 357?
True
Is 4672 a multiple of 15?
False
Is 14 a factor of 700?
True
Is 16 a factor of 3481?
False
Does 18 divide 540?
True
Does 3 divide 6?
True
Is 66 a factor of 12286?
False
Does 15 divide 9827?
False
Does 3 divide 43984?
False
Does 44 divide 14212?
True
Is 14 a factor of 21686?
True
Is 14 a factor of 3906?
True
Does 10 divide 1534?
False
Is 3997 a multiple of 7?
True
Is 36 even?
True
Is 3206 a multiple of 8?
False
Is 49 a factor of 24967?
False
Is 8674 a multiple of 52?
False
Is 1456 a multiple of 7?
True
Is 3 a factor of 453?
True
Is 29 a factor of 63096?
False
Is 52 a factor of 1961?
False
Is 1785 a multiple of 5?
True
Does 20 divide 80?
True
Is 72 a multiple of 3?
True
Is 4367 a multiple of 10?
False
Is 19 a factor of 912?
True
Does 390 divide 63570?
True
Does 14 divide 2128?
True
Is 13218 a multiple of 119?
False
Does 67 divide 4755?
False
Is 1701 a multiple of 27?
True
Does 76 divide 6851?
False
Does 56 divide 1736?
True
Is 110 a factor of 880?
True
Does 4 divide 43?
False
Is 30 a factor of 22080?
True
Does 7 divide 3822?
True
Does 8 divide 97?
False
Is 8532 a multiple of 54?
True
Is 35 a factor of 31263?
False
Is 216 a factor of 18982?
False
Is 52637 a multiple of 14?
False
Is 32 a factor of 860?
False
Is 51 a factor of 1275?
True
Is 50 a factor of 10395?
False
Does 27 divide 1512?
True
Does 14 divide 955?
False
Is 4 a factor of 1292?
True
Does 13 divide 8827?
True
Does 90 divide 17010?
True
Is 572 a multiple of 27?
False
Is 434 a multiple of 62?
True
Is 3732 a multiple of 30?
False
Is 26 a factor of 11908?
True
Does 40 divide 1008?
False
Is 26448 a multiple of 38?
True
Is 40 a factor of 9040?
True
Does 9 divide 20988?
True
Is 2820 a multiple of 40?
False
Is 46 a factor of 628?
False
Does 124 divide 1787?
False
Is 21 a factor of 399?
True
Is 5063 a multiple of 61?
True
Does 77 divide 44136?
False
Is 658 a multiple of 34?
False
Is 126 a factor of 13104?
True
Is 24787 a multiple of 142?
False
Does 17 divide 8328?
False
Is 24 a factor of 888?
True
Is 224 a multiple of 7?
True
Is 1092 a multiple of 6?
True
Is 18 a factor of 15120?
True
Is 1404 a multiple of 18?
True
Is 608 a multiple of 25?
False
Is 9 a factor of 4514?
False
Is 5138 a multiple of 7?
True
Is 35 a factor of 910?
True
Is 871 a multiple of 10?
False
Does 5 divide 23445?
True
Is 156596 a multiple of 11?
True
Does 79 divide 13963?
False
Does 106 divide 508?
False
Does 21 divide 441?
True
Is 100 a factor of 255?
False
Does 50 divide 21212?
False
Is 4 a factor of 132?
True
Is 14120 a multiple of 26?
False
Does 11 divide 660?
True
Is 6 a factor of 156?
True
Is 717 a multiple of 3?
True
Does 15 divide 14610?
True
Does 15 divide 16356?
False
Does 358 divide 85920?
True
Is 33 a factor of 13035?
True
Is 35 a factor of 1782?
False
Is 3262 a multiple of 17?
False
Does 389 divide 54427?
False
Does 36 divide 5436?
True
Is 10323 a multiple of 6?
False
Is 430 a multiple of 43?
True
Is 24 a factor of 2424?
True
Is 80800 a multiple of 12?
False
Is 8 a factor of 7248?
True
Does 22 divide 2420?
True
Is 2 a factor of 96?
True
Is 7 a factor of 120?
False
Is 63 a factor of 13842?
False
Does 13 divide 625?
False
Is 313 even?
False
Does 59 divide 47613?
True
Is 45753 a multiple of 12?
False
Does 47 divide 103412?
False
Is 3 a factor of 2414?
False
Is 420 a multiple of 28?
True
Is 31 a factor of 2759?
True
Is 11 a factor of 258?
False
Does 4 divide 49?
False
Is 70 a factor of 3360?
True
Is 5511 a multiple of 68?
False
Does 160 divide 128320?
True
Does 5 divide 155?
True
Is 45890 a multiple of 13?
True
Is 15101 a multiple of 101?
False
Is 159 a factor of 57399?
True
Is 5728 a multiple of 32?
True
Does 28 divide 1891?
False
Is 2641 a multiple of 19?
True
Does 16 divide 150?
False
Is 30432 a multiple of 28?
False
Is 35 a factor of 2737?
False
Is 529 a multiple of 12?
False
Does 27 divide 2241?
True
Is 50935 a multiple of 61?
True
Is 219 a factor of 33945?
True
Does 18 divide 720?
True
Is 79722 a multiple of 9?
True
Is 197 a multiple of 15?
False
Is 142 even?
Tru